**2 + t + 16. What is the units digit of s(-3)?
6
Suppose 3*a - 2028 = 3*p, 0*a + 3380 = 5*a - p. Suppose 0*o - 4*o - a = -4*s, 4*o = -2*s + 326. What is the units digit of s?
7
Let q = -1304 + 2139. Suppose 3*z + q = 8*z. What is the units digit of z?
7
Let n(k) = k**2 - 8*k. Let c(y) = y. Let j(v) = -10*v - 1. Let i be j(-1). Let q be c(i). What is the units digit of n(q)?
9
Let q be ((-4)/(-8) + 0)*2. Suppose -2 = z - q. What is the tens digit of (z/2)/(2/(-124))?
3
Suppose 9*g - 9 = 8*g. Suppose 4*n + 665 = g*n. What is the hundreds digit of n?
1
Let a be (0 + (-15)/(-6))/(20/16). What is the units digit of 82 - (0/5)/a?
2
Suppose x = 2*x - 21. Let k(g) = 2*g**2 - 40*g - 24. What is the units digit of k(x)?
8
Suppose 2*g - 46 = 3*a + 689, -2*a = -2. What is the units digit of 24067/g + 2*(-1)/9?
5
Let b(i) = -2*i**2 - 9*i - 2. Let w be b(-7). Let u = 86 + w. What is the tens digit of u?
4
Suppose -3*y + 3 = -15. Let f(n) = 5*n**2 + 6*n - 6. Let r(j) = -14*j**2 - 17*j + 17. Let x(m) = -11*f(m) - 4*r(m). What is the units digit of x(y)?
6
Let z(f) = -4*f + 8. Let m be z(-6). Let i = m + -20. Suppose i = l - 5*x, l - 6*x + 4*x - 24 = 0. What is the units digit of l?
2
What is the tens digit of (72/40)/(21/19495)?
7
Let t be (18/(-8))/((-66)/176). Let x(g) = -g**3 + 6*g**2 + 4*g - 5. What is the tens digit of x(t)?
1
Suppose 3*i = -40 - 44. Let q = 48 + i. Suppose 0 = u + q - 51. What is the tens digit of u?
3
Suppose 53 = 5*r - 572. Let t = -14 - -20. Suppose t*d - r = d. What is the tens digit of d?
2
Let z = -160 + 167. Suppose z*o = 20*o - 3003. What is the tens digit of o?
3
Let m(x) = x**3 + 10*x**2 + 6*x. Let l be m(-4). Suppose -l = -3*a + a. What is the units digit of a?
6
Suppose 3*a + d + 264 = 16066, -3*d - 5284 = -a. What is the thousands digit of a?
5
Suppose -5*a - 9*u + 32169 = -6*u, a = u + 6429. What is the hundreds digit of a?
4
Let j(c) = -667*c + 65. What is the hundreds digit of j(-4)?
7
Suppose 18*w = 17*w + 2. What is the units digit of (w - 87/6)*(-2 + -2)?
0
Let w(f) = 132 + 6*f - 127 + 6*f + 2*f. What is the units digit of w(9)?
1
Suppose 2*w = -84 - 148. Let y = w - -180. What is the units digit of y?
4
What is the units digit of (-6)/(24/(-3500))*(-10)/(-10)?
5
Let g be ((-15)/6 - (-2)/(-4)) + -35. Let p = 353 + g. What is the tens digit of p?
1
Let b be (-146)/8 - 21/(-84). Let z(v) = v**2 - 15*v + 6. Let g be z(6). Let s = b - g. What is the tens digit of s?
3
Let n(u) = -29*u + 2 - 4 + 32*u. Suppose -2*q = -0*q - 3*t + 2, 0 = 5*q + t - 29. What is the tens digit of n(q)?
1
Let h(y) = -6 + 9*y**2 + y**3 + 4 + 7*y + 3 - 5. What is the units digit of h(-5)?
1
Suppose 7 = w + 2*w + 5*d, 4 = -4*d. Suppose w*y - 3*q = -6*q + 36, -4*q = 5*y - 44. What is the units digit of y?
2
Suppose x = 6*x - 25, -5*u - 5*x = -15. What is the tens digit of 4/(16/932) - 6/u?
3
Let s = 24 - 13. Suppose 9*j - s*j = -74. What is the units digit of j?
7
What is the hundreds digit of 16*3*42/12?
1
Suppose 0 = 4*g - 8, 0*h + 4*g + 4 = -2*h. What is the tens digit of 90*(1 - h/(-9))*3?
9
Suppose -s - 4*b - 1 = 0, -4*b - 74 = -5*s - 7. Suppose 3*k - s = -2*n + 17, -5*n = k - 57. What is the units digit of n?
1
Suppose -130*m = -129*m - 5. What is the units digit of m?
5
Suppose 7*c + 2394 = -0*c. What is the units digit of c/(-8) + 4/16?
3
Suppose -3*g = -g - 8. Suppose -2*i - i + 5*o - 1 = 0, -11 = -i - 4*o. Suppose a - g*n - 157 = -2*a, -a + 59 = -i*n. What is the units digit of a?
7
Let x(p) = -p**3 - 2*p**2 - 423. Let l be x(0). Let m = l + 592. What is the units digit of m?
9
Let l = 28 + -6. Let n(f) = -f**2 + 24*f - 14. What is the tens digit of n(l)?
3
Let v = 114 - -189. What is the tens digit of v?
0
Let s = 46 - 41. Suppose 114 + 191 = s*p. What is the units digit of p?
1
Let s(r) = 2*r**2 + 0 + 27*r**2 - 2*r**2 - 1. Suppose 1 = -5*t + c, 3*t + t = -2*c - 12. What is the tens digit of s(t)?
2
Let s(r) = r**3 + 5*r**2 + 5*r + 4. Let b be s(-4). Suppose 3*x = -5*t + 382, -3*x - 136 = -2*t - b*x. What is the tens digit of t?
7
Suppose -3 = -2*w + w. Let k be (-30)/25*(-20)/w. Let z = 29 + k. What is the tens digit of z?
3
Suppose 4*y + 20 = h, 0 = 5*h + y - 24 - 13. Suppose 3*z = z + h. Suppose -z*v + 3*u = 11, v - 2*u + 6 = -3*v. What is the units digit of v?
1
Let u(t) = -29*t**3 - 2*t**2 + 1. Let v be u(1). Let i = 30 + v. Suppose i = -6*x + 18 + 96. What is the units digit of x?
9
Suppose -2*z = -100 - 64. Suppose -3*w - v = -z, 61 = 3*w + 5*v - 25. What is the units digit of w?
7
Let q = -512 + 1182. What is the units digit of q?
0
Let a be (-25)/(-5) + 1/(-1). Suppose 0 = a*z - 2*y - 456, -178 + 46 = -z - 4*y. Suppose 4*p - 144 = -p + 4*h, -4*p + z = -3*h. What is the units digit of p?
2
Suppose -x + 1 = -5. Suppose -x*u = -2*u + 12. What is the units digit of (-99)/u + -2 + 1?
2
Suppose 4*o - 66 + 22 = 0. Suppose 15*y = o*y + 196. What is the units digit of y?
9
Let i be (-2)/2*144/3. Let r = -21 - i. What is the units digit of r?
7
Suppose -4*a + 7 + 1 = -4*q, 0 = 2*a + q + 2. Suppose -2*j = -a*j - 252. What is the hundreds digit of j?
1
Let n(u) = -14 - 13*u**2 + 3*u**2 - 17*u**2 + 7*u**2 + 28*u + u**3. What is the tens digit of n(19)?
5
What is the tens digit of (-3)/(-10) + (-1 - (-112182)/60)?
6
Let p be (4 - 8 - 7/(-2))*242. Let s = 274 + p. What is the units digit of s?
3
Let l(w) = 57*w**2 + 63*w - 347. What is the hundreds digit of l(7)?
8
Suppose 14*z - 4566 = 6970. What is the units digit of z?
4
Suppose -17*z = -19*z + 8. Suppose 0 = z*j + 20, 5*j + 84 = 2*c - 141. What is the units digit of c?
0
Let p(l) be the first derivative of -l**4/4 - l**3 + l**2 + 5*l - 7. Let v(k) = k**3 + 2*k**2 - 3*k - 4. Let w be v(-3). What is the tens digit of p(w)?
1
Let i(l) = -37*l - 457. What is the units digit of i(-36)?
5
Let j(l) = 2*l**3 + 11*l**2 - 5*l + 7. Let o be j(-6). Suppose -3*c = -5*n + 37, -4*n + n - o = 4*c. What is the tens digit of (-1)/(c/8) + 9?
1
Suppose 0 = -j + z + 1, 6 - 1 = 3*j - 2*z. Let v(i) = -2 - 1 + j*i + 7 + 0. What is the tens digit of v(6)?
2
Let w be 7*(2 - -75) + 1. Suppose -6*a = 60 - w. What is the units digit of a?
0
Let q(i) = -24*i - 44*i - 2 - 54*i + 30*i. Let w be q(-1). Suppose -4*f + w = -42. What is the units digit of f?
3
Suppose -k + 4 = 5*d, -2*k - 3*d - 6 = 14. Let j = 103 + -110. Let h = j - k. What is the units digit of h?
9
Let m(p) = 0 + 3*p**2 - 3*p + 0. Suppose -48 = -4*c - 36. What is the units digit of m(c)?
8
Let z = 9205 - 6164. What is the units digit of z?
1
Suppose -5*o = 5*q + 5, 3*q - 4*q = -o - 9. Suppose q = -c - 6. Let l = c + 30. What is the tens digit of l?
2
Let z(c) = 601*c**2 - 3*c + 2. Let w be z(1). Suppose w = 4*q - 0*q. What is the hundreds digit of q?
1
Let m(u) = 7*u**2 + 6*u. Let s be m(-5). Let x = -100 + s. What is the tens digit of x?
4
Let m(z) = z**2 + 7*z - 12. Let b be m(-8). Let h = 57 + b. What is the units digit of h?
3
Suppose 0 = -6*k - 1 + 97. Suppose 0 = -3*j - j + 4*h, -4*j + k = 4*h. What is the units digit of j?
2
Let q be -2 + 0 - (-12 + 8). Suppose 0 = -2*o + 3*o - q. What is the units digit of (-76)/(-8) + (-1)/o?
9
Let q(g) = 26*g**2 + 2*g + 3. Suppose -2*k = 5 + 3. Let m be q(k). What is the units digit of (-2)/8 - m/(-12)?
4
Let z(k) be the third derivative of k**5/60 - 5*k**4/24 + 8*k**3/3 - 115*k**2. Suppose 0 = 4*u - 5*d - 3, 3*u - d = -2*d + 26. What is the units digit of z(u)?
0
Suppose 0 = 4*m - 262 - 98. Let z = m - 43. What is the units digit of z?
7
Let j = 266 - 144. Suppose -237 = -5*t - 2*g + 349, t + 2*g - j = 0. Let f = -80 + t. What is the units digit of f?
6
Suppose -4*p = 3*x + 7 + 3, 0 = -p - 4. Let w be (-1)/x - 7/(-2). Let d = 5 + w. What is the units digit of d?
8
Let l = -2 - -2. Let m(u) = 15*u + 7 - 7*u - 7*u + u**2 - 2. What is the units digit of m(l)?
5
What is the tens digit of 584*(121/330 + 4/30)?
9
Let o = 419 + 53. What is the units digit of o?
2
Suppose 5*q = 2*h + 3*q - 212, 526 = 5*h - 3*q. What is the tens digit of h?
0
Let g be 2/(-9) - (-4083)/27. Let z = g + -89. What is the tens digit of z?
6
Let x(g) = -50*g - 15 + 52*g - 30*g. What is the tens digit of x(-3)?
6
Suppose 422*g - 424*g = -5950. What is the tens digit of g?
7
Let w(j) = 81*j**2 - 6*j - 14. What is the tens digit of w(4)?
5
